rs of 13952720.
2, 5, 23, 7583
What are the prime factors of 502174231?
13, 38628787
List the prime factors of 338590118.
2, 1429, 118471
What are the prime factors of 101994183?
3, 41, 47, 5881
What are the prime factors of 1587476535?
3, 5, 89, 1189121
List the prime factors of 157883164.
2, 39470791
What are the prime factors of 6333027135?
3, 5, 422201809
What are the prime factors of 1410961241?
67, 1579, 13337
List the prime factors of 353667341.
353667341
What are the prime factors of 24960022?
2, 31, 402581
List the prime factors of 54460819.
7, 7780117
List the prime factors of 154598655.
3, 5, 79, 283, 461
List the prime factors of 68782070.
2, 5, 7, 593, 1657
List the prime factors of 118890743.
43, 2764901
What are the prime factors of 239544075?
3, 5, 3193921
What are the prime factors of 49653274?
2, 11, 23, 98129
List the prime factors of 163493623.
89, 1837007
What are the prime factors of 477904371?
3, 7, 22757351
List the prime factors of 59650067.
1201, 49667
What are the prime factors of 3277985857?
337, 9726961
List the prime factors of 19198054.
2, 23, 149, 2801
What are the prime factors of 9629266?
2, 47, 89, 1151
What are the prime factors of 849787351?
7, 17342599
What are the prime factors of 68801910?
2, 3, 5, 2293397
What are the prime factors of 174444773?
29, 6015337
List the prime factors of 72871969.
1831, 39799
List the prime factors of 326257798.
2, 163128899
List the prime factors of 1330366633.
59, 487, 46301
List the prime factors of 6168559978.
2, 7, 311, 1416757
List the prime factors of 214055662.
2, 1489, 71879
What are the prime factors of 77830654?
2, 11, 809, 4373
What are the prime factors of 2667966382?
2, 859, 1552949
What are the prime factors of 3967220607?
3, 7, 53, 263, 13553
List the prime factors of 138648340.
2, 5, 43, 263, 613
List the prime factors of 62073691.
67, 101, 9173
What are the prime factors of 2401608845?
5, 487, 986287
List the prime factors of 234756211.
31, 47, 161123
List the prime factors of 3664155.
3, 5, 11, 53, 419
List the prime factors of 101157751.
5519, 18329
List the prime factors of 4382297009.
17, 19, 13567483
What are the prime factors of 421583286?
2, 3, 19, 3698099
List the prime factors of 3556187226.
2, 3, 47, 359, 1301
What are the prime factors of 243023208?
2, 3, 269, 37643
What are the prime factors of 345184883?
29, 431, 27617
List the prime factors of 23761050.
2, 3, 5, 158407
List the prime factors of 144187036.
2, 7, 5149537
What are the prime factors of 157667670?
2, 3, 5, 43, 131, 311
What are the prime factors of 25524532?
2, 11, 31, 18713
What are the prime factors of 18331762?
2, 439, 20879
List the prime factors of 1147761707.
1147761707
List the prime factors of 153830494.
2, 31, 2481137
What are the prime factors of 470977525?
5, 18839101
What are the prime factors of 253127863?
29, 277, 31511
What are the prime factors of 649883076?
2, 3, 54156923
List the prime factors of 1998626558.
2, 37, 73, 369979
List the prime factors of 1750167573.
3, 7, 11, 7576483
What are the prime factors of 271889027?
331, 563, 1459
What are the prime factors of 810010526?
2, 13, 17, 1049, 1747
List the prime factors of 63460096.
2, 7, 5059
What are the prime factors of 19684199?
19684199
List the prime factors of 33173516.
2, 673, 12323
What are the prime factors of 469100422?
2, 7, 4786739
List the prime factors of 2254636885.
5, 450927377
List the prime factors of 88669903.
7, 19, 35089
What are the prime factors of 938364258?
2, 3, 13, 23, 53, 71, 139
List the prime factors of 45403868.
2, 3067, 3701
What are the prime factors of 54684327?
3, 59, 308951
List the prime factors of 251553441.
3, 83851147
What are the prime factors of 5073645?
3, 5, 409, 827
What are the prime factors of 235476131?
11, 21406921
List the prime factors of 451359748.
2, 7, 3457, 4663
List the prime factors of 278678013.
3, 92892671
List the prime factors of 107523403.
13, 257, 32183
What are the prime factors of 681029589?
3, 227009863
What are the prime factors of 2640908490?
2, 3, 5, 11, 29, 25087
What are the prime factors of 1127818202?
2, 7, 23, 500363
List the prime factors of 8295123668.
2, 13, 109, 112577
What are the prime factors of 81317409?
3, 17, 1594459
List the prime factors of 1547881684.
2, 113, 1607, 2131
List the prime factors of 993253184.
2, 7, 11, 73, 251
List the prime factors of 102087980.
2, 5, 5104399
List the prime factors of 86362483.
71, 1216373
List the prime factors of 25854251.
79, 83, 3943
What are the prime factors of 342586404?
2, 3, 37, 311, 827
What are the prime factors of 5023717635?
3, 5, 334914509
List the prime factors of 71111575.
5, 101, 28163
What are the prime factors of 67494687?
3, 13, 29, 83, 719
List the prime factors of 3451895.
5, 233, 2963
List the prime factors of 164500131.
3, 54833377
What are the prime factors of 46314436?
2, 7, 71, 23297
What are the prime factors of 4367027707?
7, 623861101
List the prime factors of 68205654.
2, 3, 11, 43, 8011
List the prime factors of 7140510249.
3, 157, 15160319
What are the prime factors of 1419614795?
5, 283922959
List the prime factors of 137794052.
2, 11, 137, 22859
What are the prime factors of 66408993?
3, 7, 67, 15733
What are the prime factors of 999982992?
2, 3, 769, 27091
List the prime factors of 1626651861.
3, 542217287
List the prime factors of 478406271.
3, 7, 257, 88643
What are the prime factors of 1168312426?
2, 97, 6022229
List the prime factors of 215023185.
3, 5, 13, 367561
What are the prime factors of 59465530?
2, 5, 271, 21943
What are the prime factors of 191202981?
3, 199, 320273
What are the prime factors of 837735096?
2, 3, 11, 1597, 1987
List the prime factors of 99808623.
3, 31, 357737
List the prime factors of 129461092.
2, 79, 269, 1523
List the prime factors of 37139992.
2, 4642499
What are the prime factors of 11793483?
3, 13, 100799
List the prime factors of 2438123816.
2, 17, 17927381
What are the prime factors of 887022379?
17, 233, 223939
What are the prime factors of 78511552?
2, 7, 173, 1013
List the prime factors of 277565345.
5, 73, 760453
List the prime factors of 1173136326.
2, 3, 7607, 25703
What are the prime factors of 83565874?
2, 7, 73, 11681
List the prime factors of 674397.
3, 74933
List the prime factors of 7652752102.
2, 223, 17158637
What are the prime factors of 49125844?
2, 97, 126613
List the prime factors of 276467108.
2, 37, 89, 139, 151
List the prime factors of 47101775.
5, 7, 79, 3407
List the prime factors of 133786210.
2, 5, 887, 15083
List the prime factors of 46051417.
46051417
List the prime factors of 187286123.
227, 825049
What are the prime factors of 1542511932?
2, 3, 13, 17, 103, 5647
List the prime factors of 1113974584.
2, 31, 4491833
What are the prime factors of 164574854?
2, 79, 101, 10313
List the prime factors of 213679006.
2, 106839503
List the prime factors of 29867151.
3, 9955717
List the prime factors of 1503341752.
2, 11, 41, 37879
List the prime factors of 335255879.
7, 433, 110609
What are the prime factors of 427846078?
2, 11, 1767959
List the prime factors of 821590720.
2, 5, 2567471
What are the prime factors of 571707854?
2, 41, 389, 17923
What are the prime factors of 4622552237?
19, 29, 59, 142193
What are the prime factors of 4158866?
2, 2079433
What are the prime factors of 294123?
3, 98041
List the prime factors of 866253352.
2, 108281669
List the prime factors of 121008813.
3, 139, 290189
List the prime factors of 432017571.
3, 144005857
List the prime factors of 4000385371.
9239, 432989
What are the prime factors of 2711955541?
11393, 238037
List the prime factors of 2818683667.
89, 691, 45833
List the prime factors of 5716893672.
2, 3, 7, 11343043
What are the prime factors of 774607338?
2, 3, 43033741
List the prime factors of 93848832.
2, 3, 7, 11, 23
What are the prime factors of 3530866641?
3, 1176955547
What are the prime factors of 92026340?
2, 5, 7, 139, 4729
List the prime factors of 6299258.
2, 7, 241, 1867
What are the prime factors of 1282477543?
1109, 1156427
What are the prime factors of 16711757?
271, 61667
List the prime factors of 14240951.
17, 107, 7829
List the prime factors of 31943497.
31943497
What are the prime factors of 22232822?
2, 709, 15679
What are the prime 